et m(t) = -t - 3. Give m(3).
-6
Let b(k) = -3*k**2 - 25*k - 14. Calculate b(-8).
-6
Let n(t) = -t**3 - 9*t**2 - 10*t - 3. Determine n(-7).
-31
Let k(t) = -t**2 - 2*t - 1. What is k(-2)?
-1
Let z(u) = -u**3 + 7*u**2 - 2*u - 8. What is z(7)?
-22
Let v(f) = -f**3 - 2*f**2 + f - 4. What is v(-3)?
2
Let s(r) = -2*r**3 + 6*r**2 + 2*r + 1. Determine s(0).
1
Let n(p) = p - 18. Give n(28).
10
Let d(c) = -13*c - 1. Determine d(-1).
12
Let v(p) = p**2 - 36*p - 366. Give v(-8).
-14
Let p(i) = -9*i**3 + 2*i**2 - 3. What is p(-2)?
77
Let b(u) = 3*u**2 + 11*u - 22. Determine b(-5).
-2
Let o(v) = v**3 + 9*v**2 + 8*v + 3. What is o(-8)?
3
Let g(j) = j - 8. Determine g(0).
-8
Let f(p) = 7*p - 169. What is f(26)?
13
Let u(k) = k**2 - 21*k + 59. Give u(18).
5
Let r(w) = 109*w + 673. Give r(-6).
19
Let b(w) = 7*w**2 - 3*w - 6. Calculate b(3).
48
Let y(a) = -10*a + 89. Give y(8).
9
Let t(b) = b**2 - 9*b - 37. Calculate t(-5).
33
Let t(a) = -a**3 + 2*a**2 - a - 1. Determine t(-1).
3
Let q(y) = -2*y - 1. Calculate q(-1).
1
Let r(z) = 6*z - 5. Calculate r(2).
7
Let a(u) = -3*u**3 + 5*u**2 - u - 4. What is a(3)?
-43
Let u(k) = -7*k + 35. What is u(-11)?
112
Let f(s) = 12*s - 68. Determine f(5).
-8
Let r(n) = n**2 - 16*n + 46. Determine r(5).
-9
Let t(h) = -4*h + 13. Give t(5).
-7
Let u(c) = c**2 + 3*c - 40. Calculate u(-9).
14
Let o(f) = f**3 + f**2 - 2*f - 182. What is o(0)?
-182
Let z(f) = 4*f**2 - 22*f + 1. Calculate z(6).
13
Let t(u) = -u**3 - 10*u**2 - 16*u + 11. Give t(-7).
-24
Let x(d) = -d**2 - 23*d - 21. Determine x(-22).
1
Let k(p) = 2*p**2 - 18*p - 29. Calculate k(10).
-9
Let p(b) = -b**3 - 6*b**2 - 5*b + 7. Determine p(-5).
7
Let g(l) = l**2 - 9*l + 59. Calculate g(9).
59
Let f(d) = d**2 - 12*d + 13. Determine f(9).
-14
Let f(h) = h**2 - 2*h - 26. Calculate f(8).
22
Let u(l) = -4*l**2 + 10*l + 3. Determine u(3).
-3
Let m(c) = -c**2 + 6. Calculate m(0).
6
Let i(v) = 2*v + 20. Give i(0).
20
Let i(d) = -6*d**3 + 5*d**2 - 2*d - 6. Determine i(3).
-129
Let f(c) = c**3 + 19*c**2 - 4*c - 82. What is f(-19)?
-6
Let t(o) = -o**3 - 12*o**2 - 2*o + 40. Determine t(-11).
-59
Let r(b) = -b**2 - 6*b + 6. What is r(-7)?
-1
Let q(d) = d**3 + 15*d**2 - 32*d - 255. Determine q(-16).
1
Let x(t) = 11*t + 137. Calculate x(-22).
-105
Let b(h) = -3*h**3 - h + 1. Give b(1).
-3
Let r(j) = j**3 - 9*j**2 + 5*j + 12. Determine r(9).
57
Let h(g) = 2*g**2 + 28*g - 25. Calculate h(-15).
5
Let h(z) = 14*z. Calculate h(3).
42
Let k(w) = -8*w**2 + 3. Give k(5).
-197
Let t(y) = -y**3 + 10*y**2 - 7*y - 21. Determine t(9).
-3
Let p(n) = n**2 - 11*n - 1. Determine p(12).
11
Let y(l) = l**3 - 8*l**2 - l. What is y(8)?
-8
Let k(g) = -10*g**2 + 3*g - 3. Calculate k(1).
-10
Let j(c) = -c + 10. Calculate j(7).
3
Let w(x) = -8*x**3 + 3*x**2 + x - 4. Determine w(2).
-54
Let m(g) = -g + 4. Give m(12).
-8
Let z(a) = -6*a + 6. Determine z(10).
-54
Let b(h) = -2*h**3 - 2*h**2 + h + 2. Determine b(-2).
8
Let n(x) = -x**3 + 22*x**2 - 3*x + 68. Determine n(22).
2
Let j(b) = -b**2 + 11*b - 11. Calculate j(10).
-1
Let x(a) = -38*a - 7. Determine x(1).
-45
Let m(t) = -t**2 - t - 2. Calculate m(-3).
-8
Let m(b) = -12*b**3 - 3*b**2 - 23*b - 22. Calculate m(-1).
10
Let s(w) = -w**3 - 4*w**2 + 3*w + 6. Determine s(-4).
-6
Let h(s) = -17*s**3 - 2*s - 1. Calculate h(-1).
18
Let a(l) = l**3 + 6*l**2 + 5*l - 2. Determine a(-4).
10
Let v(i) = -i**2 + 4*i - 3. Determine v(2).
1
Let k(f) = 7*f + 176. Determine k(-23).
15
Let c(k) = k**2 - 2*k - 62. What is c(-8)?
18
Let p(c) = c**2 + 9*c + 1. What is p(-8)?
-7
Let x(r) = -r**2 - 4*r + 16. Calculate x(5).
-29
Let k(c) = c**3 - 14*c**2 - 2*c + 7. Give k(14).
-21
Let y(t) = -t**3 - 2*t**2 + 45. Calculate y(0).
45
Let c(t) = -3*t + 58. Calculate c(17).
7
Let w(f) = -4*f - 3. What is w(1)?
-7
Let b(d) = -d**3 - 6*d**2 + 3*d + 4. What is b(-3)?
-32
Let m(s) = -s**2 - 4*s - 4. Calculate m(-3).
-1
Let v(d) = -8*d**2 - 17*d + 18. Calculate v(1).
-7
Let c(p) = 4*p**3 - p**2 - 2*p - 1. Determine c(3).
92
Let t(h) = 27*h**3 - 2*h**2 - h. Give t(-1).
-28
Let n(p) = p**2 + p - 94. Give n(-10).
-4
Let p(c) = 54*c - 51. What is p(1)?
3
Let s(j) = j + 5. Give s(3).
8
Let h(p) = 5*p**2 - 8*p - 7. Determine h(4).
41
Let l(o) = -32*o**3 + 4*o**2 - 4*o + 1. Give l(1).
-31
Let k(w) = -w**3 + 6*w**2 + 9*w - 6. Give k(7).
8
Let g(k) = -k**2 - 8*k + 9. Calculate g(-9).
0
Let i(f) = f**3 - 32*f**2 + 134*f + 26. What is i(27)?
-1
Let h(c) = -c**2 + 56*c + 170. What is h(-3)?
-7
Let q(j) = -20*j - 1239. Calculate q(-62).
1
Let n(u) = 3*u**2 - u - 1. Calculate n(5).
69
Let y(b) = -8*b + 83. Calculate y(10).
3
Let b(z) = 19*z**2 - 95*z - 9. What is b(5)?
-9
Let v(j) = -j**2 + 9*j + 6. Calculate v(9).
6
Let r(j) = -j + 5. Determine r(3).
2
Let r(d) = -58*d + 120. Give r(2).
4
Let c(g) = -g**2 + 28*g - 126. Determine c(23).
-11
Let w(r) = r**2 - 17*r + 81. Calculate w(8).
9
Let u(d) = 3*d**2 - 144*d + 139. Calculate u(47).
-2
Let z(i) = -14*i**3 - 2*i**2 + 1. Calculate z(1).
-15
Let x(v) = 37*v**2 - 4*v - 3. Determine x(-2).
153
Let m(d) = 31*d + 3. Determine m(4).
127
Let w(a) = a**2 - 2*a - 2. Calculate w(-3).
13
Let y(r) = -5*r + 21. What is y(-3)?
36
Let g(q) = q**2 + 3*q - 10. Give g(-3).
-10
Let y(o) = o**3 + 10*o**2 + 20*o + 92. What is y(-9)?
-7
Let q(a) = a**2 + 23*a + 27. Determine q(-15).
-93
Let n(d) = 8*d + 3. Determine n(-1).
-5
Let v(q) = q**2 + 9*q - 7. What is v(-11)?
15
Let d(q) = q**2 + 2*q - 3. Calculate d(4).
21
Let q(h) = 2*h**2 - 2*h - 1. Determine q(2).
3
Let p(s) = -3*s + 1. Determine p(7).
-20
Let p(a) = -a**3 - 7*a**2 - 6*a - 6. Give p(-6).
-6
Let y(m) = -2*m + 24. What is y(13)?
-2
Let q(i) = 15*i**2 + 91*i + 2. Determine q(-6).
-4
Let h(l) = 2*l. Give h(0).
0
Let n(u) = u**3 + 7*u**2 + 11*u + 4. Calculate n(-6).
-26
Let q(s) = -6*s - 9. What is q(-4)?
15
Let z(b) = b**3 - 14*b**2 + 2*b - 43. Determine z(14).
-15
Let j(q) = 17*q + 194. Determine j(-12).
-10
Let w(b) = -2*b - 2. Determine w(0).
-2
Let n(r) = r**2 + 2*r + 3. What is n(-4)?
11
Let r(j) = -3*j + 5. What is r(14)?
-37
Let z(d) = -2*d**2 - 9*d + 10. Determine z(-5).
5
Let i(c) = 10*c - 7. Determine i(1).
3
Let s(z) = 2*z**2 + 2*z + 3. Determine s(4).
43
Let j(m) = 2*m - 10. Give j(8).
6
Let g(d) = d**3 - 6*d**2 - 14*d + 19. Give g(8).
35
Let r(j) = -37*j - 6. What is r(-1)?
31
Let s(f) = -f**2 - 8*f + 11. Calculate s(-7).
18
Let m(o) = 4*o**3 + o**2 + 3*o + 2. Determine m(-1).
-4
Let b(d) = d**3 + 6*d**2 - 15*d + 10. Give b(1).
2
Let g(b) = 90*b - 2253. What is g(25)?
-3
Let x(n) = -25*n + 1. Give x(-2).
51
Let n(x) = x**3 + 2*x**2 - 3*x - 4. Calculate n(-3).
-4
Let h(p) = -92*p - 3. Determine h(-1).
89
Let c(o) = 12*o**2 + o + 2. Determine c(0).
2
Let c(k) = 4*k**2 - 5*k - 5. Calculate c(-2).
21
Let l(d) = -d**3 + 2*d**2 - 10. What is l(0)?
-10
Let g(h) = h**3 + 11*h**2 + h + 22. Give g(-11).
11
Let d(o) = -o**3 + 17*o**2 + 11*o + 43. Determine d(18).
-83
Let o(g) = 35*g - 199. Give o(5).
-24
Let g(r) = 48*r + 1243. Give g(-26).
-5
Let a(u) = -u**3 - 11*u**2 + 12*u + 5. Calculate a(-12).
5
Let h(a) = 2*a - 4. What is h(4)?
4
Let h(g) = -2*g**3 + 46*g**2 - 44*g + 27. Calculate h(22).
27
Let u(o) = 23*o - 62. Calculate u(4).
30
Let k(g) = 4*g + 7. Determine k(3).
19
Let n(l) = 4*l + 20. Give n(-4).
4
Let m(d) = -4*d**2 + 151*d + 40. What is m(38)?
2
Let b(u) = u**3 + 10*u**2 - 15*u - 5. Determine b(-11).
39
Let p(n) = n**2 - 4*n + 9. Calculate p(3).
6
Let w(q) = 2*q - 1. Determine w(-1).
-3
Let d(j) = j**2 + 5*j - 63. Give d(6).
3
Let p(s) = -21*s + 127. Give p(6).
1
Let d(s) = -3*s - 16. Calculate d(-12).
20
Let b(k) = -k**3 - 18*k**2 + 8*k + 23. Calculate b(-18).
-121
Let d(y) = -4*y**2 - 25*y + 15. Give d(-7).
-6
Let t(x) = 3*x**2 - 3*x + 3. Calculate t(3).
21
Let k(x) = -x + 5. Calculate k(6).
-1
Let x(s) = 4*s - 14. Give x(2).
-6
Let r(y) = -y**2 - 8*y + 13. Give r(0).
13
Let t(u) = -u**3 + 7*u**2 + 10*u - 17. Give t(8).
-1
Let h(n) = n**2 + 6*n - 7. Determine h(-5).
-12
Let u(v) = 18*v + 161. Calculate u(-8).
17
Let n(o) = -2*o**2 + 2*o + 9. Give n(3).
-3
Let m(b) = b**3 + 35*b**2 + 97*b + 14. Determine m(-32).
-18
Let a(f) = f**2 + 18*f - 8. Determine a(-18).
-8
Let l(u) = -u**2 + 12*u - 5. Give l(15).
-50
Let c(i) = 2*i**2 + 13*i + 1. Determine c(-6).
-5
Let b(m) = m**2 + 30*m + 135. Calculate b(-24).
-